60?
True
Is 1896 a multiple of 15?
False
Does 38 divide 7816?
False
Is 13 a factor of 46574?
False
Does 14 divide 487?
False
Does 16 divide 3856?
True
Does 143 divide 29833?
False
Does 20 divide 1560?
True
Is 164 a multiple of 41?
True
Is 4 a factor of 596?
True
Is 6 a factor of 498?
True
Is 41 a factor of 7872?
True
Does 34 divide 408?
True
Does 25 divide 20200?
True
Is 54 a multiple of 54?
True
Is 31067 a multiple of 47?
True
Is 113 a factor of 7471?
False
Does 10 divide 1055?
False
Is 871 a multiple of 14?
False
Is 10596 a multiple of 21?
False
Does 29 divide 498?
False
Is 4 a factor of 15521?
False
Does 20 divide 503?
False
Is 7 a factor of 38556?
True
Is 55 a factor of 110?
True
Is 3003 a multiple of 39?
True
Is 72 a factor of 25344?
True
Is 17 a factor of 19?
False
Does 38 divide 1368?
True
Is 17 a factor of 1207?
True
Does 51 divide 789?
False
Is 19 a factor of 3838?
True
Does 55 divide 7254?
False
Is 2394 a multiple of 2?
True
Is 6 a factor of 141?
False
Is 1053 a multiple of 9?
True
Is 722 a multiple of 7?
False
Does 11 divide 99?
True
Is 9806 a multiple of 127?
False
Is 647 a multiple of 21?
False
Does 72 divide 6844?
False
Does 29 divide 1015?
True
Is 18 a factor of 29187?
False
Is 7 a factor of 602?
True
Is 390 a multiple of 3?
True
Is 7 a factor of 254?
False
Does 20 divide 113?
False
Does 29 divide 499?
False
Does 3 divide 149?
False
Does 43 divide 2329?
False
Does 12 divide 624?
True
Is 6 a factor of 4884?
True
Is 2176 a multiple of 7?
False
Does 10 divide 55570?
True
Is 1532 a multiple of 4?
True
Is 3330 a multiple of 18?
True
Does 4 divide 111?
False
Is 20 a factor of 203500?
True
Is 1075 a multiple of 25?
True
Is 198404 a multiple of 30?
False
Does 12 divide 438?
False
Is 3 a factor of 24?
True
Is 7 a factor of 343?
True
Does 38 divide 2508?
True
Is 5 a factor of 153?
False
Is 3071 a multiple of 91?
False
Is 20 a factor of 2203?
False
Is 28 a factor of 4116?
True
Is 9 a factor of 444?
False
Does 39 divide 3665?
False
Is 6754 a multiple of 22?
True
Is 749 a multiple of 7?
True
Does 15 divide 6735?
True
Is 4 a factor of 54?
False
Is 11 a factor of 396?
True
Is 34 a factor of 708?
False
Is 4 a factor of 262?
False
Is 75 a multiple of 6?
False
Is 1087 a multiple of 45?
False
Does 3 divide 658?
False
Is 1545 a multiple of 15?
True
Is 9 a factor of 70938?
True
Does 30 divide 30780?
True
Does 16 divide 4158?
False
Does 14 divide 15722?
True
Is 11750 a multiple of 25?
True
Is 583 a multiple of 11?
True
Does 6 divide 498?
True
Does 14 divide 18171?
False
Is 34 a factor of 918?
True
Is 26190 a multiple of 15?
True
Does 2 divide 798?
True
Is 3 a factor of 183?
True
Is 167 a factor of 1002?
True
Does 6 divide 9073?
False
Does 9 divide 387?
True
Is 34 a factor of 43?
False
Does 41 divide 709?
False
Does 23 divide 2028?
False
Is 30 a factor of 4686?
False
Does 5 divide 105?
True
Is 29161 a multiple of 241?
True
Is 58 a factor of 1242?
False
Is 15 a factor of 1572?
False
Does 48 divide 483?
False
Does 34 divide 703?
False
Is 845 a multiple of 2?
False
Is 5550 a multiple of 132?
False
Does 262 divide 14602?
False
Does 23 divide 1817?
True
Is 39 a factor of 494?
False
Does 66 divide 622?
False
Is 319 a multiple of 11?
True
Is 4365 a multiple of 15?
True
Is 15590 a multiple of 10?
True
Does 51 divide 2332?
False
Is 5 a factor of 744?
False
Is 858 a multiple of 11?
True
Is 24 a factor of 6019?
False
Is 32 a multiple of 16?
True
Is 6 a factor of 5159?
False
Is 9 a factor of 1458?
True
Does 8 divide 7392?
True
Does 17 divide 15232?
True
Is 28 a factor of 392?
True
Is 60468 a multiple of 15?
False
Is 31591 a multiple of 212?
False
Does 13 divide 4394?
True
Does 11 divide 10472?
True
Is 116 a factor of 1160?
True
Does 10 divide 5420?
True
Does 12 divide 941?
False
Does 15 divide 1035?
True
Is 29 a factor of 514?
False
Is 5885 a multiple of 16?
False
Is 105 a factor of 8315?
False
Is 34 a factor of 2719?
False
Is 11 a factor of 25953?
False
Is 40 a factor of 7328?
False
Is 4 a factor of 124?
True
Is 44 a factor of 86460?
True
Is 141 a multiple of 2?
False
Does 27 divide 2782?
False
Is 2688 a multiple of 14?
True
Is 304 a multiple of 38?
True
Is 105 a factor of 2835?
True
Is 38 a factor of 608?
True
Is 19971 a multiple of 15?
False
Is 1470 a multiple of 10?
True
Does 9 divide 1083?
False
Does 34 divide 136?
True
Is 31093 a multiple of 17?
True
Is 1120 a multiple of 25?
False
Does 5 divide 3107?
False
Is 3 a factor of 48?
True
Does 23 divide 2622?
True
Is 47 a factor of 1034?
True
Does 16 divide 1088?
True
Is 9 a factor of 149?
False
Is 162 a factor of 20574?
True
Is 26448 a multiple of 12?
True
Is 36321 a multiple of 42?
False
Does 142 divide 19170?
True
Is 12 a factor of 576?
True
Is 2037 a multiple of 21?
True
Is 1661 a multiple of 58?
False
Is 20 a factor of 20132?
False
Does 36 divide 20160?
True
Is 40 a factor of 5560?
True
Does 96 divide 11424?
True
Is 21 a factor of 567?
True
Is 68 a factor of 13418?
False
Does 77 divide 24409?
True
Does 34 divide 3876?
True
Is 468 a multiple of 12?
True
Is 76384 a multiple of 28?
True
Is 80 a factor of 14942?
False
Is 2860 a multiple of 5?
True
Does 18 divide 59192?
False
Does 8 divide 576?
True
Is 327 a multiple of 19?
False
Is 25 a factor of 28?
False
Is 33 a multiple of 5?
False
Does 26 divide 312?
True
Does 43 divide 9785?
False
Is 76 a factor of 29786?
False
Does 70 divide 74550?
True
Is 8 a factor of 888?
True
Is 96 a factor of 13691?
False
Is 9 a factor of 77352?
False
Is 1406 a multiple of 19?
True
Does 19 divide 487?
False
Is 61 a factor of 5146?
False
Is 291 a multiple of 30?
False
Is 295 a multiple of 17?
False
Is 92 a factor of 1380?
True
Is 15428 a multiple of 74?
False
Is 1134 a multiple of 27?
True
Is 162 a factor of 32076?
True
Does 9 divide 1683?
True
Does 14 divide 1037?
False
Does 33 divide 5610?
True
Is 50760 a multiple of 270?
True
Is 12 a factor of 433?
False
Is 5069 a multiple of 39?
False
Does 24 divide 24240?
True
Does 14 divide 434?
True
Is 47 a factor of 1341?
False
Does 15 divide 279?
False
Does 12 divide 268?
False
Is 152 a factor of 4104?
True
Does 27 divide 3726?
True
Is 165 a multiple of 11?
True
Does 167 divide 22596?
False
Is 1404 a multiple of 9?
True
Is 4014 a multiple of 10?
False
Is 10 a factor of 1258?
False
Does 11 divide 9092?
False
Does 65 divide 3835?
True
Is 24 a factor of 71?
False
Is 8296 a multiple of 71?
False
Is 22 a factor of 484?
True
Is 1173 a multiple of 67?
False
Is 8772 a multiple of 129?
True
Is 6552 a multiple of 104?
True
Is 9 a factor of 20709?
True
Does 105 divide 630?
True
Is 1485 a multiple of 27?
True
Does 13 divide 169?
True
Does 40 divide 4800?
True
Is 8009 a multiple of 14?
False
Does 2 divide 27?
False
Does 36 divide 2450?
False
Is 38 a factor of 1368?
True
Is 2436 a multiple of 84?
True
Does 21 divide 588?
True
Is 4468 a multiple of 64?
False
Does 18 divide 4806?
True
Is 85995 a multiple of 273?
True
Is 12 a factor of 1404?
True
Is 48 a multiple of 4?
True
Is 11 a factor of 28248?
True
Does 3 divide 105?
True
Is 19 a factor of 505?
False
Does 14 divide 18536?
True
Is 4986 a multiple of 9?
True
Is 23 a factor of 9204?
False
Does 60 divide 73200?
True
Is 12312 a multiple of 81?
True
Is 17 a factor of 23375?
True
Is 19 a factor of 1550?
False
Is 15 a factor of 2610?
True
Does 12 divide 39612?
True
Does 5 divide 310?
True
Is 13 a factor of 7540?
True
Is 89 a factor of 1163?
False
Does 14 divide 208?
False
Does 11 divide 6578?
True
Is 416 a multiple of 16?
True
Does 17 divide 124?
False
Does 19 divide 173?
False
Does 6 divide 384?
True
Does 22 divide 968?
True
Is 141 a multiple of 47?
True
Is 6000 a multiple of 20?
True
Does 18 divide 648?
True
Is 24 a factor of 51912?
True
Is 17 a factor of 561?
True
Is 11 a factor of 131?
False
Is 43344 a multiple of 63?
True
Does 35 divide 1190?
True
Is 74 a factor of 2072?
True
Is 24430 a multiple of 17?
False
Is 242 a factor of 2906?
False
Does 10 divide 2128?
False
Is 3927 a multiple of 28?
False
Does 29 divide 2243?
False
Is 1959 a multiple of 20?
False
Is 66 a factor of 330?
True
Is 25 a factor of 747?
False
Is 8 a factor of 1664?
True
Is 11 a factor of 679?
False
Does 8 divide 51219?
False
Is 10 a factor of 315?
False
Is 196 a multiple of 2?
True
Is 130 a factor of 587?
False
Is 59474 a multiple of 1